{"id":600,"date":"2016-02-13T15:01:37","date_gmt":"2016-02-13T15:01:37","guid":{"rendered":"http:\/\/www.cofarco.com.ar\/web\/?page_id=600"},"modified":"2018-09-17T03:12:15","modified_gmt":"2018-09-17T03:12:15","slug":"responsabilidad-social","status":"publish","type":"page","link":"https:\/\/cofarco.com.ar\/ar\/responsabilidad-social\/","title":{"rendered":"Responsabilidad Social"},"content":{"rendered":"<div class=\"container section-title-container\" ><h3 class=\"section-title section-title-normal\"><b><\/b><span class=\"section-title-main\" >Responsabilidad Social<\/span><b><\/b><\/h3><\/div>\n\n  \n    <div class=\"row large-columns-4 medium-columns-1 small-columns-1\">\n  \t\t<div class=\"col post-item\" >\n\t\t\t<div class=\"col-inner\">\n\t\t\t<a href=\"https:\/\/cofarco.com.ar\/ar\/2020\/02\/19\/importante-hasta-el-30-04-20-se-podran-presentar-solicitudes-para-donaciones\/\" class=\"plain\">\n\t\t\t\t<div class=\"box box-normal box-text-bottom box-blog-post has-hover\">\n          \t\t\t\t\t<div class=\"box-text text-center\" >\n\t\t\t\t\t<div class=\"box-text-inner blog-post-inner\">\n\n\t\t\t\t\t\n\t\t\t\t\t\t\t\t\t\t<h5 class=\"post-title is-large \">IMPORTANTE: Hasta el 30\/04\/20 se podr\u00e1n presentar solicitudes para donaciones<\/h5>\n\t\t\t\t\t<div class=\"post-meta is-small op-8\">febrero 19, 2020<\/div>\t\t\t\t\t<div class=\"is-divider\"><\/div>\n\t\t\t\t\t\t\t\t\t\t<p class=\"from_the_blog_excerpt \">El Directorio del Colegio de Farmac\u00e9uticos de Corrientes (COFARCO) informa que hasta el 30 de [...]\t\t\t\t\t<\/p>\n\t\t\t\t\t                    \n\t\t\t\t\t\n\t\t\t\t\t\n\t\t\t\t\t<\/div>\n\t\t\t\t\t<\/div>\n\t\t\t\t\t\t\t\t\t<\/div>\n\t\t\t\t<\/a>\n\t\t\t<\/div>\n\t\t<\/div>\n\t\t<div class=\"col post-item\" >\n\t\t\t<div class=\"col-inner\">\n\t\t\t<a href=\"https:\/\/cofarco.com.ar\/ar\/2019\/04\/11\/hasta-el-31-de-mayo-se-podran-presentar-proyectos-solidarios\/\" class=\"plain\">\n\t\t\t\t<div class=\"box box-normal box-text-bottom box-blog-post has-hover\">\n          \t\t\t\t\t<div class=\"box-text text-center\" >\n\t\t\t\t\t<div class=\"box-text-inner blog-post-inner\">\n\n\t\t\t\t\t\n\t\t\t\t\t\t\t\t\t\t<h5 class=\"post-title is-large \">Hasta el 31 de Mayo se podr\u00e1n presentar Proyectos Solidarios<\/h5>\n\t\t\t\t\t<div class=\"post-meta is-small op-8\">abril 11, 2019<\/div>\t\t\t\t\t<div class=\"is-divider\"><\/div>\n\t\t\t\t\t\t\t\t\t\t<p class=\"from_the_blog_excerpt \">El Directorio del Colegio de Farmac\u00e9uticos de Corrientes informa que hasta\u00a0el 31 de Mayo de [...]\t\t\t\t\t<\/p>\n\t\t\t\t\t                    \n\t\t\t\t\t\n\t\t\t\t\t\n\t\t\t\t\t<\/div>\n\t\t\t\t\t<\/div>\n\t\t\t\t\t\t\t\t\t<\/div>\n\t\t\t\t<\/a>\n\t\t\t<\/div>\n\t\t<\/div>\n\t\t<div class=\"col post-item\" >\n\t\t\t<div class=\"col-inner\">\n\t\t\t<a href=\"https:\/\/cofarco.com.ar\/ar\/2018\/07\/04\/el-colegio-de-farmaceuticos-entrega-multiples-donaciones-a-sectores-de-escasos-recursos\/\" class=\"plain\">\n\t\t\t\t<div class=\"box box-normal box-text-bottom box-blog-post has-hover\">\n          \t\t\t\t\t<div class=\"box-text text-center\" >\n\t\t\t\t\t<div class=\"box-text-inner blog-post-inner\">\n\n\t\t\t\t\t\n\t\t\t\t\t\t\t\t\t\t<h5 class=\"post-title is-large \">El Colegio de Farmac\u00e9uticos entrega m\u00faltiples donaciones a sectores de escasos recursos<\/h5>\n\t\t\t\t\t<div class=\"post-meta is-small op-8\">julio 4, 2018<\/div>\t\t\t\t\t<div class=\"is-divider\"><\/div>\n\t\t\t\t\t\t\t\t\t\t<p class=\"from_the_blog_excerpt \">En el marco de una pol\u00edtica de compromiso social que sostiene hace varios a\u00f1os, el [...]\t\t\t\t\t<\/p>\n\t\t\t\t\t                    \n\t\t\t\t\t\n\t\t\t\t\t\n\t\t\t\t\t<\/div>\n\t\t\t\t\t<\/div>\n\t\t\t\t\t\t\t\t\t<\/div>\n\t\t\t\t<\/a>\n\t\t\t<\/div>\n\t\t<\/div>\n\t\t<div class=\"col post-item\" >\n\t\t\t<div class=\"col-inner\">\n\t\t\t<a href=\"https:\/\/cofarco.com.ar\/ar\/2016\/03\/15\/reglamento-de-donaciones\/\" class=\"plain\">\n\t\t\t\t<div class=\"box box-normal box-text-bottom box-blog-post has-hover\">\n          \t\t\t\t\t<div class=\"box-text text-center\" >\n\t\t\t\t\t<div class=\"box-text-inner blog-post-inner\">\n\n\t\t\t\t\t\n\t\t\t\t\t\t\t\t\t\t<h5 class=\"post-title is-large \">Reglamento de Donaciones<\/h5>\n\t\t\t\t\t<div class=\"post-meta is-small op-8\">marzo 15, 2016<\/div>\t\t\t\t\t<div class=\"is-divider\"><\/div>\n\t\t\t\t\t\t\t\t\t\t<p class=\"from_the_blog_excerpt \">Art\u00edculo 1: El colegio donar\u00e1 hasta el 5% de su super\u00e1vit proveniente del cierre del [...]\t\t\t\t\t<\/p>\n\t\t\t\t\t                    \n\t\t\t\t\t\n\t\t\t\t\t\n\t\t\t\t\t<\/div>\n\t\t\t\t\t<\/div>\n\t\t\t\t\t\t\t\t\t<\/div>\n\t\t\t\t<\/a>\n\t\t\t<\/div>\n\t\t<\/div>\n<\/div>\n","protected":false},"excerpt":{"rendered":"","protected":false},"author":1,"featured_media":0,"parent":0,"menu_order":0,"comment_status":"closed","ping_status":"closed","template":"","meta":{"footnotes":""},"class_list":["post-600","page","type-page","status-publish","hentry"],"_links":{"self":[{"href":"https:\/\/cofarco.com.ar\/ar\/wp-json\/wp\/v2\/pages\/600","targetHints":{"allow":["GET"]}}],"collection":[{"href":"https:\/\/cofarco.com.ar\/ar\/wp-json\/wp\/v2\/pages"}],"about":[{"href":"https:\/\/cofarco.com.ar\/ar\/wp-json\/wp\/v2\/types\/page"}],"author":[{"embeddable":true,"href":"https:\/\/cofarco.com.ar\/ar\/wp-json\/wp\/v2\/users\/1"}],"replies":[{"embeddable":true,"href":"https:\/\/cofarco.com.ar\/ar\/wp-json\/wp\/v2\/comments?post=600"}],"version-history":[{"count":4,"href":"https:\/\/cofarco.com.ar\/ar\/wp-json\/wp\/v2\/pages\/600\/revisions"}],"predecessor-version":[{"id":1981,"href":"https:\/\/cofarco.com.ar\/ar\/wp-json\/wp\/v2\/pages\/600\/revisions\/1981"}],"wp:attachment":[{"href":"https:\/\/cofarco.com.ar\/ar\/wp-json\/wp\/v2\/media?parent=600"}],"curies":[{"name":"wp","href":"https:\/\/api.w.org\/{rel}","templated":true}]}}

<div class="container section-title-container" ><h3 class="section-title section-title-normal"><b></b><span class="section-title-main" >Responsabilidad Social</span><b></b></h3></div>

  
    <div class="row large-columns-4 medium-columns-1 small-columns-1">
  		<div class="col post-item" >
			<div class="col-inner">
			<a href="https://cofarco.com.ar/ar/2020/02/19/importante-hasta-el-30-04-20-se-podran-presentar-solicitudes-para-donaciones/" class="plain">
				<div class="box box-normal box-text-bottom box-blog-post has-hover">
          					<div class="box-text text-center" >
					<div class="box-text-inner blog-post-inner">

					
										<h5 class="post-title is-large ">IMPORTANTE: Hasta el 30/04/20 se podrán presentar solicitudes para donaciones</h5>
					<div class="post-meta is-small op-8">febrero 19, 2020</div>					<div class="is-divider"></div>
										<p class="from_the_blog_excerpt ">El Directorio del Colegio de Farmacéuticos de Corrientes (COFARCO) informa que hasta el 30 de [...]					</p>
					                    
					
					
					</div>
					</div>
									</div>
				</a>
			</div>
		</div>
		<div class="col post-item" >
			<div class="col-inner">
			<a href="https://cofarco.com.ar/ar/2019/04/11/hasta-el-31-de-mayo-se-podran-presentar-proyectos-solidarios/" class="plain">
				<div class="box box-normal box-text-bottom box-blog-post has-hover">
          					<div class="box-text text-center" >
					<div class="box-text-inner blog-post-inner">

					
										<h5 class="post-title is-large ">Hasta el 31 de Mayo se podrán presentar Proyectos Solidarios</h5>
					<div class="post-meta is-small op-8">abril 11, 2019</div>					<div class="is-divider"></div>
										<p class="from_the_blog_excerpt ">El Directorio del Colegio de Farmacéuticos de Corrientes informa que hasta el 31 de Mayo de [...]					</p>
					                    
					
					
					</div>
					</div>
									</div>
				</a>
			</div>
		</div>
		<div class="col post-item" >
			<div class="col-inner">
			<a href="https://cofarco.com.ar/ar/2018/07/04/el-colegio-de-farmaceuticos-entrega-multiples-donaciones-a-sectores-de-escasos-recursos/" class="plain">
				<div class="box box-normal box-text-bottom box-blog-post has-hover">
          					<div class="box-text text-center" >
					<div class="box-text-inner blog-post-inner">

					
										<h5 class="post-title is-large ">El Colegio de Farmacéuticos entrega múltiples donaciones a sectores de escasos recursos</h5>
					<div class="post-meta is-small op-8">julio 4, 2018</div>					<div class="is-divider"></div>
										<p class="from_the_blog_excerpt ">En el marco de una política de compromiso social que sostiene hace varios años, el [...]					</p>
					                    
					
					
					</div>
					</div>
									</div>
				</a>
			</div>
		</div>
		<div class="col post-item" >
			<div class="col-inner">
			<a href="https://cofarco.com.ar/ar/2016/03/15/reglamento-de-donaciones/" class="plain">
				<div class="box box-normal box-text-bottom box-blog-post has-hover">
          					<div class="box-text text-center" >
					<div class="box-text-inner blog-post-inner">

					
										<h5 class="post-title is-large ">Reglamento de Donaciones</h5>
					<div class="post-meta is-small op-8">marzo 15, 2016</div>					<div class="is-divider"></div>
										<p class="from_the_blog_excerpt ">Artículo 1: El colegio donará hasta el 5% de su superávit proveniente del cierre del [...]					</p>
					                    
					
					
					</div>
					</div>
									</div>
				</a>
			</div>
		</div>
</div>
