{"id":637,"date":"2016-02-18T22:25:43","date_gmt":"2016-02-18T22:25:43","guid":{"rendered":"http:\/\/www.cofarco.com.ar\/web\/?page_id=637"},"modified":"2022-02-23T13:08:01","modified_gmt":"2022-02-23T16:08:01","slug":"certificacion-y-recertificacion","status":"publish","type":"page","link":"https:\/\/cofarco.com.ar\/ar\/certificacion-y-recertificacion\/","title":{"rendered":"Certificaci\u00f3n y Recertificaci\u00f3n"},"content":{"rendered":"<div class=\"container section-title-container\" ><h3 class=\"section-title section-title-normal\"><b><\/b><span class=\"section-title-main\" >CERTIFICACI\u00d3N Y RECERTIFICACI\u00d3N<\/span><b><\/b><\/h3><\/div>\n<p><strong><u>Pr\u00f3ximo llamado a certificaci\u00f3n y recertificaci\u00f3n \/ Cierre de Plazo: VIERNES\u00a0<br aria-hidden=\"true\" \/>18 de marzo de 2.022<\/u><\/strong><\/p>\n<p>El Colegio de Farmac\u00e9uticos de la Provincia de Corrientes informa que el d\u00eda Viernes 18 de Marzo de 2.022 cierra el plazo para la presentaci\u00f3n de las carpetas en la sede del Colegio de Farmac\u00e9uticos de la provincia de Corrientes para solicitar la adhesi\u00f3n al tr\u00e1mite de Certificaci\u00f3n\/ Recertificaci\u00f3n del primer llamado de este a\u00f1o.<br \/>\nLa certificaci\u00f3n de los profesionales farmac\u00e9uticos se obtendr\u00e1 con 50 cr\u00e9ditos, considerando todos los antecedentes correspondientes a su historia profesional, no as\u00ed la recertificaci\u00f3n.<\/p>\n<p>Si existe continuidad entre tr\u00e1mite a vencer y tr\u00e1mite a iniciar, la reglamentaci\u00f3n vigente establece una disminuci\u00f3n del 10% o del 15% en los cr\u00e9ditos a alcanzar, seg\u00fan sea la primera o la segunda recertificaci\u00f3n, y son contabilizadas las actividades finalizadas durante el per\u00edodo 31 de Marzo de 2.017 al 01 de Marzo de 2.022.<\/p>\n<p>En la p\u00e1gina web de COFA (www.cofa.org.ar, CNC) y en la p\u00e1gina web de COFARCO (cofarco.com.ar) se encuentran disponibles los formularios a completar por los interesados a gestionar su tr\u00e1mite.<\/p>\n<p><em>Las carpetas deben cumplir con los siguientes requisitos:<\/em><\/p>\n<p>&#8211; Solicitud de adhesi\u00f3n.<\/p>\n<p>&#8211; Certificado de actuaci\u00f3n profesional y \u00e9tico actual, la cual debe ser solicitada al ministerio de salud p\u00fablica, llamar al TE: 4230563, para pedir requisitos, la nota para mayor rapidez debe contar con detalles como fecha de matriculaci\u00f3n, farmacias o instituciones que trabajaron hasta el momento.<\/p>\n<p>&#8211; Fotocopia de constancia de matriculaci\u00f3n, si es por primera vez.<\/p>\n<p>&#8211; Fotocopia del t\u00edtulo profesional, si es por primera vez.<\/p>\n<p>&#8211; Formulario de antecedentes farmac\u00e9utico completo.<\/p>\n<p>&#8211; Fotocopias de los certificados, los cuales deben ser presentados con los originales para ser certificados por el colegio. Sino vienen con los originales deben estar autenticados por escribano.<\/p>\n<p>-La solicitud de adhesi\u00f3n y el formulario de antecedentes deben estar guardados en un CD.<\/p>\n<p><strong>El tr\u00e1mite\u00a0 para farmac\u00e9uticos asociados es GRATUITO<\/strong>, para el resto tiene un costo de $ 1000 pesos.<\/p>\n<p><em>Se adjuntan los archivos que deben ser completados:\u00a0<\/em><em>SOLICITUD DE ADHESION VOLUNTARIA y FORMULARIO DE SUSCRIPCI\u00d3N DE ANTECEDENTES.<\/em><\/p>\n<p><strong>Para cualquier consulta, contactar a la Farm. Sandra\u00a0 Flores a los tel\u00e9fonos 3794-540264\/ 4450889; o a la Farm Yanina Bruic a los tel\u00e9fonos 3794342207\/ 4450681.<\/strong><\/p>\n<p><em>\u00a0FORMULARIO DE SUSCRIPCI\u00d3N DE ANTECEDENTES<\/em><\/p>\n\n<div class=\"gde-error\">GDE Error: Error al recuperar el fichero. Si es necesario, desactiva la comprobaci\u00f3n de errores (404:Not Found)<\/div>\n\n<p><em>SOLICITUD DE ADHESION VOLUNTARIA<\/em><\/p>\n\n<div class=\"gde-error\">GDE Error: Error al recuperar el fichero. Si es necesario, desactiva la comprobaci\u00f3n de errores (404:Not Found)<\/div>\n\n<p><strong><em>REGLAMENTO GENERAL &#8211;\u00a0SIST. DE CERTIFICACI\u00d3N DEL DESARROLLO PROFESIONAL CONTINUO<\/em><\/strong><\/p>\n\n<div class=\"gde-error\">GDE Error: Error al recuperar el fichero. Si es necesario, desactiva la comprobaci\u00f3n de errores (404:Not Found)<\/div>\n\n<p>**En la p\u00e1gina web de COFA<br \/>\n([http:\/\/www.cofa.org.ar&lt;https:\/\/cofarco.com.ar\/ar\/mailster\/4081\/661b64e2ed7977d545284fc7f65400a0\/aHR0cDovL3d3dy5jb2ZhLm9yZy5hcg]www.cofa.org.ar&lt;https:\/\/cofarco.com.ar\/ar\/mailster\/4081\/661b64e2ed7977d545284fc7f65400a0\/aHR0cDovL3d3dy5jb2ZhLm9yZy5hcg&gt;, CNC) se encuentran disponibles los <strong>formularios<\/strong> a completar por los interesados en gestionar el tr\u00e1mite, como as\u00ed tambi\u00e9n las disposiciones implementadas en el <strong>Reglamento General de Certificaci\u00f3n y Recertificaci\u00f3n<\/strong>. Tambi\u00e9n se pueden solicitarlos a la Secretar\u00eda de CNC, al igual que el listado de farmac\u00e9uticos cuya certificaci\u00f3n o recertificaci\u00f3n tenga caducidad en este llamado, o bien en anteriores (mail:<br \/>\ncnc@cofa.org.ar&lt;<a href=\"mailto:cnc@cofa.org.ar\">mailto:cnc@cofa.org.ar<\/a>&gt;).<\/p>\n<p>&nbsp;<\/p>\n<p>&nbsp;<\/p>\n","protected":false},"excerpt":{"rendered":"<p>Pr\u00f3ximo llamado a certificaci\u00f3n y recertificaci\u00f3n \/ Cierre de Plazo: VIERNES\u00a018 de marzo de 2.022 El Colegio de Farmac\u00e9uticos de la Provincia de Corrientes informa que el d\u00eda Viernes 18 de Marzo de 2.022 cierra el plazo para la presentaci\u00f3n de las carpetas en la sede del Colegio de Farmac\u00e9uticos de la provincia de Corrientes [&#8230;]\n","protected":false},"author":1,"featured_media":0,"parent":0,"menu_order":0,"comment_status":"closed","ping_status":"closed","template":"","meta":{"footnotes":""},"class_list":["post-637","page","type-page","status-publish","hentry"],"_links":{"self":[{"href":"https:\/\/cofarco.com.ar\/ar\/wp-json\/wp\/v2\/pages\/637","targetHints":{"allow":["GET"]}}],"collection":[{"href":"https:\/\/cofarco.com.ar\/ar\/wp-json\/wp\/v2\/pages"}],"about":[{"href":"https:\/\/cofarco.com.ar\/ar\/wp-json\/wp\/v2\/types\/page"}],"author":[{"embeddable":true,"href":"https:\/\/cofarco.com.ar\/ar\/wp-json\/wp\/v2\/users\/1"}],"replies":[{"embeddable":true,"href":"https:\/\/cofarco.com.ar\/ar\/wp-json\/wp\/v2\/comments?post=637"}],"version-history":[{"count":15,"href":"https:\/\/cofarco.com.ar\/ar\/wp-json\/wp\/v2\/pages\/637\/revisions"}],"predecessor-version":[{"id":8322,"href":"https:\/\/cofarco.com.ar\/ar\/wp-json\/wp\/v2\/pages\/637\/revisions\/8322"}],"wp:attachment":[{"href":"https:\/\/cofarco.com.ar\/ar\/wp-json\/wp\/v2\/media?parent=637"}],"curies":[{"name":"wp","href":"https:\/\/api.w.org\/{rel}","templated":true}]}}

Certificación y Recertificación

<div class="container section-title-container" ><h3 class="section-title section-title-normal"><b></b><span class="section-title-main" >CERTIFICACIÓN Y RECERTIFICACIÓN</span><b></b></h3></div>
<p><strong><u>Próximo llamado a certificación y recertificación / Cierre de Plazo: VIERNES <br aria-hidden="true" />18 de marzo de 2.022</u></strong></p>
<p>El Colegio de Farmacéuticos de la Provincia de Corrientes informa que el día Viernes 18 de Marzo de 2.022 cierra el plazo para la presentación de las carpetas en la sede del Colegio de Farmacéuticos de la provincia de Corrientes para solicitar la adhesión al trámite de Certificación/ Recertificación del primer llamado de este año.<br />
La certificación de los profesionales farmacéuticos se obtendrá con 50 créditos, considerando todos los antecedentes correspondientes a su historia profesional, no así la recertificación.</p>
<p>Si existe continuidad entre trámite a vencer y trámite a iniciar, la reglamentación vigente establece una disminución del 10% o del 15% en los créditos a alcanzar, según sea la primera o la segunda recertificación, y son contabilizadas las actividades finalizadas durante el período 31 de Marzo de 2.017 al 01 de Marzo de 2.022.</p>
<p>En la página web de COFA (www.cofa.org.ar, CNC) y en la página web de COFARCO (cofarco.com.ar) se encuentran disponibles los formularios a completar por los interesados a gestionar su trámite.</p>
<p><em>Las carpetas deben cumplir con los siguientes requisitos:</em></p>
<p>&#8211; Solicitud de adhesión.</p>
<p>&#8211; Certificado de actuación profesional y ético actual, la cual debe ser solicitada al ministerio de salud pública, llamar al TE: 4230563, para pedir requisitos, la nota para mayor rapidez debe contar con detalles como fecha de matriculación, farmacias o instituciones que trabajaron hasta el momento.</p>
<p>&#8211; Fotocopia de constancia de matriculación, si es por primera vez.</p>
<p>&#8211; Fotocopia del título profesional, si es por primera vez.</p>
<p>&#8211; Formulario de antecedentes farmacéutico completo.</p>
<p>&#8211; Fotocopias de los certificados, los cuales deben ser presentados con los originales para ser certificados por el colegio. Sino vienen con los originales deben estar autenticados por escribano.</p>
<p>-La solicitud de adhesión y el formulario de antecedentes deben estar guardados en un CD.</p>
<p><strong>El trámite  para farmacéuticos asociados es GRATUITO</strong>, para el resto tiene un costo de $ 1000 pesos.</p>
<p><em>Se adjuntan los archivos que deben ser completados: </em><em>SOLICITUD DE ADHESION VOLUNTARIA y FORMULARIO DE SUSCRIPCIÓN DE ANTECEDENTES.</em></p>
<p><strong>Para cualquier consulta, contactar a la Farm. Sandra  Flores a los teléfonos 3794-540264/ 4450889; o a la Farm Yanina Bruic a los teléfonos 3794342207/ 4450681.</strong></p>
<p><em> FORMULARIO DE SUSCRIPCIÓN DE ANTECEDENTES</em></p>

<div class="gde-error">GDE Error: Error al recuperar el fichero. Si es necesario, desactiva la comprobación de errores (404:Not Found)</div>

<p><em>SOLICITUD DE ADHESION VOLUNTARIA</em></p>

<div class="gde-error">GDE Error: Error al recuperar el fichero. Si es necesario, desactiva la comprobación de errores (404:Not Found)</div>

<p><strong><em>REGLAMENTO GENERAL &#8211; SIST. DE CERTIFICACIÓN DEL DESARROLLO PROFESIONAL CONTINUO</em></strong></p>

<div class="gde-error">GDE Error: Error al recuperar el fichero. Si es necesario, desactiva la comprobación de errores (404:Not Found)</div>

<p>**En la página web de COFA<br />
([http://www.cofa.org.ar&lt;https://cofarco.com.ar/ar/mailster/4081/661b64e2ed7977d545284fc7f65400a0/aHR0cDovL3d3dy5jb2ZhLm9yZy5hcg]www.cofa.org.ar&lt;https://cofarco.com.ar/ar/mailster/4081/661b64e2ed7977d545284fc7f65400a0/aHR0cDovL3d3dy5jb2ZhLm9yZy5hcg&gt;, CNC) se encuentran disponibles los <strong>formularios</strong> a completar por los interesados en gestionar el trámite, como así también las disposiciones implementadas en el <strong>Reglamento General de Certificación y Recertificación</strong>. También se pueden solicitarlos a la Secretaría de CNC, al igual que el listado de farmacéuticos cuya certificación o recertificación tenga caducidad en este llamado, o bien en anteriores (mail:<br />
cnc@cofa.org.ar&lt;<a href="mailto:cnc@cofa.org.ar">mailto:cnc@cofa.org.ar</a>&gt;).</p>
<p>&nbsp;</p>
<p>&nbsp;</p>

<p>Próximo llamado a certificación y recertificación / Cierre de Plazo: VIERNES 18 de marzo de 2.022 El Colegio de Farmacéuticos de la Provincia de Corrientes informa que el día Viernes 18 de Marzo de 2.022 cierra el plazo para la presentación de las carpetas en la sede del Colegio de Farmacéuticos de la provincia de Corrientes [&#8230;]
