{"id":680,"date":"2016-02-18T23:07:33","date_gmt":"2016-02-18T23:07:33","guid":{"rendered":"http:\/\/www.cofarco.com.ar\/web\/?page_id=680"},"modified":"2018-09-17T02:49:39","modified_gmt":"2018-09-17T02:49:39","slug":"bolsa-de-trabajo","status":"publish","type":"page","link":"https:\/\/cofarco.com.ar\/ar\/bolsa-de-trabajo\/","title":{"rendered":"Bolsa de Trabajo"},"content":{"rendered":"<div class=\"container section-title-container\" ><h3 class=\"section-title section-title-normal\"><b><\/b><span class=\"section-title-main\" >Bolsa de trabajo<\/span><b><\/b><\/h3><\/div>\n\n  \n    <div class=\"row large-columns-3 medium-columns-1 small-columns-1\">\n  \t\t<div class=\"col post-item\" >\n\t\t\t<div class=\"col-inner\">\n\t\t\t<a href=\"https:\/\/cofarco.com.ar\/ar\/2026\/09\/01\/farmacia-en-santa-maria-catamarca-busca-farmaceutico-a-para-direccion-tecnica\/\" class=\"plain\">\n\t\t\t\t<div class=\"box box-normal box-text-bottom box-blog-post has-hover\">\n          \t\t\t\t\t<div class=\"box-text text-center\" >\n\t\t\t\t\t<div class=\"box-text-inner blog-post-inner\">\n\n\t\t\t\t\t\n\t\t\t\t\t\t\t\t\t\t<h5 class=\"post-title is-large \">Farmacia en Santa Mar\u00eda (Catamarca) busca FARMAC\u00c9UTICO\/A para Direcci\u00f3n T\u00e9cnica<\/h5>\n\t\t\t\t\t<div class=\"post-meta is-small op-8\">septiembre 1, 2026<\/div>\t\t\t\t\t<div class=\"is-divider\"><\/div>\n\t\t\t\t\t\t\t\t\t\t<p class=\"from_the_blog_excerpt \">Buenos d\u00edas, compartimos oportunidad laboral publicada en TNOA &#8211; Red Social Profesional del Noroeste Argentino [...]\t\t\t\t\t<\/p>\n\t\t\t\t\t                    \n\t\t\t\t\t\n\t\t\t\t\t\n\t\t\t\t\t<\/div>\n\t\t\t\t\t<\/div>\n\t\t\t\t\t\t\t\t\t<\/div>\n\t\t\t\t<\/a>\n\t\t\t<\/div>\n\t\t<\/div>\n\t\t<div class=\"col post-item\" >\n\t\t\t<div class=\"col-inner\">\n\t\t\t<a href=\"https:\/\/cofarco.com.ar\/ar\/2026\/07\/28\/bolsa-de-trabajo-busqueda-de-farmaceutico\/\" class=\"plain\">\n\t\t\t\t<div class=\"box box-normal box-text-bottom box-blog-post has-hover\">\n          \t\t\t\t\t<div class=\"box-text text-center\" >\n\t\t\t\t\t<div class=\"box-text-inner blog-post-inner\">\n\n\t\t\t\t\t\n\t\t\t\t\t\t\t\t\t\t<h5 class=\"post-title is-large \">B\u00fasqueda de Farmac\u00e9utico<\/h5>\n\t\t\t\t\t<div class=\"post-meta is-small op-8\">julio 28, 2026<\/div>\t\t\t\t\t<div class=\"is-divider\"><\/div>\n\t\t\t\t\t\t\t\t\t\t<p class=\"from_the_blog_excerpt \"> [...]\t\t\t\t\t<\/p>\n\t\t\t\t\t                    \n\t\t\t\t\t\n\t\t\t\t\t\n\t\t\t\t\t<\/div>\n\t\t\t\t\t<\/div>\n\t\t\t\t\t\t\t\t\t<\/div>\n\t\t\t\t<\/a>\n\t\t\t<\/div>\n\t\t<\/div>\n\t\t<div class=\"col post-item\" >\n\t\t\t<div class=\"col-inner\">\n\t\t\t<a href=\"https:\/\/cofarco.com.ar\/ar\/2026\/05\/04\/profesional-farmaceutico-disponible-para-direccion-tecnica-de-farmacia\/\" class=\"plain\">\n\t\t\t\t<div class=\"box box-normal box-text-bottom box-blog-post has-hover\">\n          \t\t\t\t\t<div class=\"box-text text-center\" >\n\t\t\t\t\t<div class=\"box-text-inner blog-post-inner\">\n\n\t\t\t\t\t\n\t\t\t\t\t\t\t\t\t\t<h5 class=\"post-title is-large \">Profesional Farmac\u00e9utico disponible para direcci\u00f3n t\u00e9cnica de farmacia.<\/h5>\n\t\t\t\t\t<div class=\"post-meta is-small op-8\">mayo 4, 2026<\/div>\t\t\t\t\t<div class=\"is-divider\"><\/div>\n\t\t\t\t\t\t\t\t\t\t<p class=\"from_the_blog_excerpt \">Profesional Farmac\u00e9utico disponible para direcci\u00f3n t\u00e9cnica de farmacia. Ftco. Bacs Juan Martin Cel. 3644 509217 [...]\t\t\t\t\t<\/p>\n\t\t\t\t\t                    \n\t\t\t\t\t\n\t\t\t\t\t\n\t\t\t\t\t<\/div>\n\t\t\t\t\t<\/div>\n\t\t\t\t\t\t\t\t\t<\/div>\n\t\t\t\t<\/a>\n\t\t\t<\/div>\n\t\t<\/div>\n\t\t<div class=\"col post-item\" >\n\t\t\t<div class=\"col-inner\">\n\t\t\t<a href=\"https:\/\/cofarco.com.ar\/ar\/2026\/03\/06\/busqueda-laboral-farmaceutico-a-director-tecnico-zapala-neuquen\/\" class=\"plain\">\n\t\t\t\t<div class=\"box box-normal box-text-bottom box-blog-post has-hover\">\n            \t\t\t\t\t<div class=\"box-image\" >\n  \t\t\t\t\t\t<div class=\"image-cover\" style=\"padding-top:56.25%;\">\n  \t\t\t\t\t\t\t<img fetchpriority=\"high\" decoding=\"async\" width=\"330\" height=\"185\" src=\"https:\/\/cofarco.com.ar\/ar\/wp-content\/uploads\/2026\/03\/Banner-Protada-Cofarco-1.jpg\" class=\"attachment-medium size-medium wp-post-image\" alt=\"\" \/>  \t\t\t\t\t\t\t  \t\t\t\t\t\t\t  \t\t\t\t\t\t<\/div>\n  \t\t\t\t\t\t  \t\t\t\t\t<\/div>\n          \t\t\t\t\t<div class=\"box-text text-center\" >\n\t\t\t\t\t<div class=\"box-text-inner blog-post-inner\">\n\n\t\t\t\t\t\n\t\t\t\t\t\t\t\t\t\t<h5 class=\"post-title is-large \">B\u00fasqueda Laboral \u2013 Farmac\u00e9utico\/a Director T\u00e9cnico \u2013 Zapala (Neuqu\u00e9n)<\/h5>\n\t\t\t\t\t\t\t\t\t\t<div class=\"is-divider\"><\/div>\n\t\t\t\t\t\t\t\t\t\t<p class=\"from_the_blog_excerpt \">Nos encontramos en la b\u00fasqueda de Farmac\u00e9utico\/a para desempe\u00f1arse como Director T\u00e9cnico (DT) en farmacia [...]\t\t\t\t\t<\/p>\n\t\t\t\t\t                    \n\t\t\t\t\t\n\t\t\t\t\t\n\t\t\t\t\t<\/div>\n\t\t\t\t\t<\/div>\n\t\t\t\t\t\t\t\t\t\t\t\t\t\t\t\t<div class=\"badge absolute top post-date badge-circle\">\n\t\t\t\t\t\t\t<div class=\"badge-inner\">\n\t\t\t\t\t\t\t\t<span class=\"post-date-day\">06<\/span><br>\n\t\t\t\t\t\t\t\t<span class=\"post-date-month is-xsmall\">Mar<\/span>\n\t\t\t\t\t\t\t<\/div>\n\t\t\t\t\t\t<\/div>\n\t\t\t\t\t\t\t\t\t<\/div>\n\t\t\t\t<\/a>\n\t\t\t<\/div>\n\t\t<\/div>\n\t\t<div class=\"col post-item\" >\n\t\t\t<div class=\"col-inner\">\n\t\t\t<a href=\"https:\/\/cofarco.com.ar\/ar\/2026\/01\/20\/importante-empresa-del-rubro-salud-se-encuentra-en-la-busqueda-de-un-a-farmaceutico-a-con-bloqueo-de-titulo\/\" class=\"plain\">\n\t\t\t\t<div class=\"box box-normal box-text-bottom box-blog-post has-hover\">\n          \t\t\t\t\t<div class=\"box-text text-center\" >\n\t\t\t\t\t<div class=\"box-text-inner blog-post-inner\">\n\n\t\t\t\t\t\n\t\t\t\t\t\t\t\t\t\t<h5 class=\"post-title is-large \">Importante empresa del rubro salud se encuentra en la b\u00fasqueda de un\/a &#8220;Farmac\u00e9utico\/a&#8221; con Bloqueo de t\u00edtulo.<\/h5>\n\t\t\t\t\t<div class=\"post-meta is-small op-8\">enero 20, 2026<\/div>\t\t\t\t\t<div class=\"is-divider\"><\/div>\n\t\t\t\t\t\t\t\t\t\t<p class=\"from_the_blog_excerpt \">Importante empresa del rubro salud se encuentra en la b\u00fasqueda de un\/a &#8220;Farmac\u00e9utico\/a&#8221; con Bloqueo [...]\t\t\t\t\t<\/p>\n\t\t\t\t\t                    \n\t\t\t\t\t\n\t\t\t\t\t\n\t\t\t\t\t<\/div>\n\t\t\t\t\t<\/div>\n\t\t\t\t\t\t\t\t\t<\/div>\n\t\t\t\t<\/a>\n\t\t\t<\/div>\n\t\t<\/div>\n\t\t<div class=\"col post-item\" >\n\t\t\t<div class=\"col-inner\">\n\t\t\t<a href=\"https:\/\/cofarco.com.ar\/ar\/2026\/01\/16\/se-busca-coordinador-de-farmacia\/\" class=\"plain\">\n\t\t\t\t<div class=\"box box-normal box-text-bottom box-blog-post has-hover\">\n          \t\t\t\t\t<div class=\"box-text text-center\" >\n\t\t\t\t\t<div class=\"box-text-inner blog-post-inner\">\n\n\t\t\t\t\t\n\t\t\t\t\t\t\t\t\t\t<h5 class=\"post-title is-large \">Se busca: Coordinador de Farmacia<\/h5>\n\t\t\t\t\t<div class=\"post-meta is-small op-8\">enero 16, 2026<\/div>\t\t\t\t\t<div class=\"is-divider\"><\/div>\n\t\t\t\t\t\t\t\t\t\t<p class=\"from_the_blog_excerpt \"> [...]\t\t\t\t\t<\/p>\n\t\t\t\t\t                    \n\t\t\t\t\t\n\t\t\t\t\t\n\t\t\t\t\t<\/div>\n\t\t\t\t\t<\/div>\n\t\t\t\t\t\t\t\t\t<\/div>\n\t\t\t\t<\/a>\n\t\t\t<\/div>\n\t\t<\/div>\n\t\t<div class=\"col post-item\" >\n\t\t\t<div class=\"col-inner\">\n\t\t\t<a href=\"https:\/\/cofarco.com.ar\/ar\/2025\/11\/17\/se-necesita-profesional-farmaceutico-para-corrientes-capital\/\" class=\"plain\">\n\t\t\t\t<div class=\"box box-normal box-text-bottom box-blog-post has-hover\">\n          \t\t\t\t\t<div class=\"box-text text-center\" >\n\t\t\t\t\t<div class=\"box-text-inner blog-post-inner\">\n\n\t\t\t\t\t\n\t\t\t\t\t\t\t\t\t\t<h5 class=\"post-title is-large \">Se Necesita profesional Farmac\u00e9utico para Corrientes Capital<\/h5>\n\t\t\t\t\t<div class=\"post-meta is-small op-8\">noviembre 17, 2025<\/div>\t\t\t\t\t<div class=\"is-divider\"><\/div>\n\t\t\t\t\t\t\t\t\t\t<p class=\"from_the_blog_excerpt \">Buenos d\u00edas, nos encontramos en la b\u00fasqueda de un profesional Farmac\u00e9utico para la Ciudad de [...]\t\t\t\t\t<\/p>\n\t\t\t\t\t                    \n\t\t\t\t\t\n\t\t\t\t\t\n\t\t\t\t\t<\/div>\n\t\t\t\t\t<\/div>\n\t\t\t\t\t\t\t\t\t<\/div>\n\t\t\t\t<\/a>\n\t\t\t<\/div>\n\t\t<\/div>\n\t\t<div class=\"col post-item\" >\n\t\t\t<div class=\"col-inner\">\n\t\t\t<a href=\"https:\/\/cofarco.com.ar\/ar\/2025\/10\/27\/propuesta-de-trabajo-corrientes\/\" class=\"plain\">\n\t\t\t\t<div class=\"box box-normal box-text-bottom box-blog-post has-hover\">\n            \t\t\t\t\t<div class=\"box-image\" >\n  \t\t\t\t\t\t<div class=\"image-cover\" style=\"padding-top:56.25%;\">\n  \t\t\t\t\t\t\t<img decoding=\"async\" width=\"400\" height=\"400\" src=\"https:\/\/cofarco.com.ar\/ar\/wp-content\/uploads\/2025\/10\/6cb12eed-1a6a-4d40-affe-31678ba8afce-400x400.jpg\" class=\"attachment-medium size-medium wp-post-image\" alt=\"\" srcset=\"https:\/\/cofarco.com.ar\/ar\/wp-content\/uploads\/2025\/10\/6cb12eed-1a6a-4d40-affe-31678ba8afce-400x400.jpg 400w, https:\/\/cofarco.com.ar\/ar\/wp-content\/uploads\/2025\/10\/6cb12eed-1a6a-4d40-affe-31678ba8afce-799x800.jpg 799w, https:\/\/cofarco.com.ar\/ar\/wp-content\/uploads\/2025\/10\/6cb12eed-1a6a-4d40-affe-31678ba8afce-280x280.jpg 280w, https:\/\/cofarco.com.ar\/ar\/wp-content\/uploads\/2025\/10\/6cb12eed-1a6a-4d40-affe-31678ba8afce-768x769.jpg 768w, https:\/\/cofarco.com.ar\/ar\/wp-content\/uploads\/2025\/10\/6cb12eed-1a6a-4d40-affe-31678ba8afce.jpg 948w\" sizes=\"(max-width: 400px) 100vw, 400px\" \/>  \t\t\t\t\t\t\t  \t\t\t\t\t\t\t  \t\t\t\t\t\t<\/div>\n  \t\t\t\t\t\t  \t\t\t\t\t<\/div>\n          \t\t\t\t\t<div class=\"box-text text-center\" >\n\t\t\t\t\t<div class=\"box-text-inner blog-post-inner\">\n\n\t\t\t\t\t\n\t\t\t\t\t\t\t\t\t\t<h5 class=\"post-title is-large \">Propuesta de Trabajo Corrientes<\/h5>\n\t\t\t\t\t\t\t\t\t\t<div class=\"is-divider\"><\/div>\n\t\t\t\t\t\t\t\t\t\t<p class=\"from_the_blog_excerpt \">\u00a1Oportunidad Laboral! Se busca Farmac\u00e9utico\/a para el Interior de Corrientes Importante Farmacia busca incorporar un\/a [...]\t\t\t\t\t<\/p>\n\t\t\t\t\t                    \n\t\t\t\t\t\n\t\t\t\t\t\n\t\t\t\t\t<\/div>\n\t\t\t\t\t<\/div>\n\t\t\t\t\t\t\t\t\t\t\t\t\t\t\t\t<div class=\"badge absolute top post-date badge-circle\">\n\t\t\t\t\t\t\t<div class=\"badge-inner\">\n\t\t\t\t\t\t\t\t<span class=\"post-date-day\">27<\/span><br>\n\t\t\t\t\t\t\t\t<span class=\"post-date-month is-xsmall\">Oct<\/span>\n\t\t\t\t\t\t\t<\/div>\n\t\t\t\t\t\t<\/div>\n\t\t\t\t\t\t\t\t\t<\/div>\n\t\t\t\t<\/a>\n\t\t\t<\/div>\n\t\t<\/div>\n<\/div>\n","protected":false},"excerpt":{"rendered":"","protected":false},"author":1,"featured_media":0,"parent":0,"menu_order":0,"comment_status":"closed","ping_status":"closed","template":"","meta":{"footnotes":""},"class_list":["post-680","page","type-page","status-publish","hentry"],"_links":{"self":[{"href":"https:\/\/cofarco.com.ar\/ar\/wp-json\/wp\/v2\/pages\/680","targetHints":{"allow":["GET"]}}],"collection":[{"href":"https:\/\/cofarco.com.ar\/ar\/wp-json\/wp\/v2\/pages"}],"about":[{"href":"https:\/\/cofarco.com.ar\/ar\/wp-json\/wp\/v2\/types\/page"}],"author":[{"embeddable":true,"href":"https:\/\/cofarco.com.ar\/ar\/wp-json\/wp\/v2\/users\/1"}],"replies":[{"embeddable":true,"href":"https:\/\/cofarco.com.ar\/ar\/wp-json\/wp\/v2\/comments?post=680"}],"version-history":[{"count":1,"href":"https:\/\/cofarco.com.ar\/ar\/wp-json\/wp\/v2\/pages\/680\/revisions"}],"predecessor-version":[{"id":1971,"href":"https:\/\/cofarco.com.ar\/ar\/wp-json\/wp\/v2\/pages\/680\/revisions\/1971"}],"wp:attachment":[{"href":"https:\/\/cofarco.com.ar\/ar\/wp-json\/wp\/v2\/media?parent=680"}],"curies":[{"name":"wp","href":"https:\/\/api.w.org\/{rel}","templated":true}]}}

<div class="container section-title-container" ><h3 class="section-title section-title-normal"><b></b><span class="section-title-main" >Bolsa de trabajo</span><b></b></h3></div>

  
    <div class="row large-columns-3 medium-columns-1 small-columns-1">
  		<div class="col post-item" >
			<div class="col-inner">
			<a href="https://cofarco.com.ar/ar/2026/09/01/farmacia-en-santa-maria-catamarca-busca-farmaceutico-a-para-direccion-tecnica/" class="plain">
				<div class="box box-normal box-text-bottom box-blog-post has-hover">
          					<div class="box-text text-center" >
					<div class="box-text-inner blog-post-inner">

					
										<h5 class="post-title is-large ">Farmacia en Santa María (Catamarca) busca FARMACÉUTICO/A para Dirección Técnica</h5>
					<div class="post-meta is-small op-8">septiembre 1, 2026</div>					<div class="is-divider"></div>
										<p class="from_the_blog_excerpt ">Buenos días, compartimos oportunidad laboral publicada en TNOA &#8211; Red Social Profesional del Noroeste Argentino [...]					</p>
					                    
					
					
					</div>
					</div>
									</div>
				</a>
			</div>
		</div>
		<div class="col post-item" >
			<div class="col-inner">
			<a href="https://cofarco.com.ar/ar/2026/07/28/bolsa-de-trabajo-busqueda-de-farmaceutico/" class="plain">
				<div class="box box-normal box-text-bottom box-blog-post has-hover">
          					<div class="box-text text-center" >
					<div class="box-text-inner blog-post-inner">

					
										<h5 class="post-title is-large ">Búsqueda de Farmacéutico</h5>
					<div class="post-meta is-small op-8">julio 28, 2026</div>					<div class="is-divider"></div>
										<p class="from_the_blog_excerpt "> [...]					</p>
					                    
					
					
					</div>
					</div>
									</div>
				</a>
			</div>
		</div>
		<div class="col post-item" >
			<div class="col-inner">
			<a href="https://cofarco.com.ar/ar/2026/05/04/profesional-farmaceutico-disponible-para-direccion-tecnica-de-farmacia/" class="plain">
				<div class="box box-normal box-text-bottom box-blog-post has-hover">
          					<div class="box-text text-center" >
					<div class="box-text-inner blog-post-inner">

					
										<h5 class="post-title is-large ">Profesional Farmacéutico disponible para dirección técnica de farmacia.</h5>
					<div class="post-meta is-small op-8">mayo 4, 2026</div>					<div class="is-divider"></div>
										<p class="from_the_blog_excerpt ">Profesional Farmacéutico disponible para dirección técnica de farmacia. Ftco. Bacs Juan Martin Cel. 3644 509217 [...]					</p>
					                    
					
					
					</div>
					</div>
									</div>
				</a>
			</div>
		</div>
		<div class="col post-item" >
			<div class="col-inner">
			<a href="https://cofarco.com.ar/ar/2026/03/06/busqueda-laboral-farmaceutico-a-director-tecnico-zapala-neuquen/" class="plain">
				<div class="box box-normal box-text-bottom box-blog-post has-hover">
            					<div class="box-image" >
  						<div class="image-cover" style="padding-top:56.25%;">
  							<img fetchpriority="high" decoding="async" width="330" height="185" src="https://cofarco.com.ar/ar/wp-content/uploads/2026/03/Banner-Protada-Cofarco-1.jpg" class="attachment-medium size-medium wp-post-image" alt="" />  							  							  						</div>
  						  					</div>
          					<div class="box-text text-center" >
					<div class="box-text-inner blog-post-inner">

					
										<h5 class="post-title is-large ">Búsqueda Laboral – Farmacéutico/a Director Técnico – Zapala (Neuquén)</h5>
										<div class="is-divider"></div>
										<p class="from_the_blog_excerpt ">Nos encontramos en la búsqueda de Farmacéutico/a para desempeñarse como Director Técnico (DT) en farmacia [...]					</p>
					                    
					
					
					</div>
					</div>
																<div class="badge absolute top post-date badge-circle">
							<div class="badge-inner">
								<span class="post-date-day">06</span><br>
								<span class="post-date-month is-xsmall">Mar</span>
							</div>
						</div>
									</div>
				</a>
			</div>
		</div>
		<div class="col post-item" >
			<div class="col-inner">
			<a href="https://cofarco.com.ar/ar/2026/01/20/importante-empresa-del-rubro-salud-se-encuentra-en-la-busqueda-de-un-a-farmaceutico-a-con-bloqueo-de-titulo/" class="plain">
				<div class="box box-normal box-text-bottom box-blog-post has-hover">
          					<div class="box-text text-center" >
					<div class="box-text-inner blog-post-inner">

					
										<h5 class="post-title is-large ">Importante empresa del rubro salud se encuentra en la búsqueda de un/a &#8220;Farmacéutico/a&#8221; con Bloqueo de título.</h5>
					<div class="post-meta is-small op-8">enero 20, 2026</div>					<div class="is-divider"></div>
										<p class="from_the_blog_excerpt ">Importante empresa del rubro salud se encuentra en la búsqueda de un/a &#8220;Farmacéutico/a&#8221; con Bloqueo [...]					</p>
					                    
					
					
					</div>
					</div>
									</div>
				</a>
			</div>
		</div>
		<div class="col post-item" >
			<div class="col-inner">
			<a href="https://cofarco.com.ar/ar/2026/01/16/se-busca-coordinador-de-farmacia/" class="plain">
				<div class="box box-normal box-text-bottom box-blog-post has-hover">
          					<div class="box-text text-center" >
					<div class="box-text-inner blog-post-inner">

					
										<h5 class="post-title is-large ">Se busca: Coordinador de Farmacia</h5>
					<div class="post-meta is-small op-8">enero 16, 2026</div>					<div class="is-divider"></div>
										<p class="from_the_blog_excerpt "> [...]					</p>
					                    
					
					
					</div>
					</div>
									</div>
				</a>
			</div>
		</div>
		<div class="col post-item" >
			<div class="col-inner">
			<a href="https://cofarco.com.ar/ar/2025/11/17/se-necesita-profesional-farmaceutico-para-corrientes-capital/" class="plain">
				<div class="box box-normal box-text-bottom box-blog-post has-hover">
          					<div class="box-text text-center" >
					<div class="box-text-inner blog-post-inner">

					
										<h5 class="post-title is-large ">Se Necesita profesional Farmacéutico para Corrientes Capital</h5>
					<div class="post-meta is-small op-8">noviembre 17, 2025</div>					<div class="is-divider"></div>
										<p class="from_the_blog_excerpt ">Buenos días, nos encontramos en la búsqueda de un profesional Farmacéutico para la Ciudad de [...]					</p>
					                    
					
					
					</div>
					</div>
									</div>
				</a>
			</div>
		</div>
		<div class="col post-item" >
			<div class="col-inner">
			<a href="https://cofarco.com.ar/ar/2025/10/27/propuesta-de-trabajo-corrientes/" class="plain">
				<div class="box box-normal box-text-bottom box-blog-post has-hover">
            					<div class="box-image" >
  						<div class="image-cover" style="padding-top:56.25%;">
  							<img decoding="async" width="400" height="400" src="https://cofarco.com.ar/ar/wp-content/uploads/2025/10/6cb12eed-1a6a-4d40-affe-31678ba8afce-400x400.jpg" class="attachment-medium size-medium wp-post-image" alt="" srcset="https://cofarco.com.ar/ar/wp-content/uploads/2025/10/6cb12eed-1a6a-4d40-affe-31678ba8afce-400x400.jpg 400w, https://cofarco.com.ar/ar/wp-content/uploads/2025/10/6cb12eed-1a6a-4d40-affe-31678ba8afce-799x800.jpg 799w, https://cofarco.com.ar/ar/wp-content/uploads/2025/10/6cb12eed-1a6a-4d40-affe-31678ba8afce-280x280.jpg 280w, https://cofarco.com.ar/ar/wp-content/uploads/2025/10/6cb12eed-1a6a-4d40-affe-31678ba8afce-768x769.jpg 768w, https://cofarco.com.ar/ar/wp-content/uploads/2025/10/6cb12eed-1a6a-4d40-affe-31678ba8afce.jpg 948w" sizes="(max-width: 400px) 100vw, 400px" />  							  							  						</div>
  						  					</div>
          					<div class="box-text text-center" >
					<div class="box-text-inner blog-post-inner">

					
										<h5 class="post-title is-large ">Propuesta de Trabajo Corrientes</h5>
										<div class="is-divider"></div>
										<p class="from_the_blog_excerpt ">¡Oportunidad Laboral! Se busca Farmacéutico/a para el Interior de Corrientes Importante Farmacia busca incorporar un/a [...]					</p>
					                    
					
					
					</div>
					</div>
																<div class="badge absolute top post-date badge-circle">
							<div class="badge-inner">
								<span class="post-date-day">27</span><br>
								<span class="post-date-month is-xsmall">Oct</span>
							</div>
						</div>
									</div>
				</a>
			</div>
		</div>
</div>
